2 and 1908704?
16
What is the greatest common factor of 142064 and 50128?
208
Calculate the greatest common factor of 1695 and 525645.
15
Calculate the greatest common divisor of 6069 and 2352399.
21
Calculate the highest common divisor of 73970 and 65390.
130
What is the greatest common divisor of 14141130 and 2850?
570
What is the greatest common divisor of 1394594 and 3592?
898
What is the greatest common factor of 615 and 13015655?
205
What is the highest common factor of 123949516 and 204?
68
Calculate the highest common factor of 80339 and 133.
7
What is the highest common divisor of 121597 and 5621?
7
What is the highest common factor of 2275 and 1429925?
175
Calculate the greatest common divisor of 16 and 1262519352.
8
Calculate the greatest common divisor of 967946 and 749.
7
What is the greatest common divisor of 461226583 and 3711?
1237
What is the greatest common factor of 12877 and 1788599?
163
Calculate the greatest common factor of 59184 and 3025944.
216
What is the highest common factor of 1132 and 33185429?
283
Calculate the greatest common factor of 959052 and 43968.
2748
Calculate the highest common factor of 437375 and 2875.
125
What is the greatest common factor of 269436496 and 168?
56
What is the highest common factor of 3155632 and 21877?
167
Calculate the greatest common divisor of 59888 and 219064.
1576
Calculate the greatest common factor of 12784987 and 517.
47
Calculate the highest common factor of 1027101 and 301539.
519
What is the highest common factor of 11 and 148241731?
11
What is the highest common factor of 353804 and 14762?
242
What is the greatest common factor of 1714776 and 10164?
84
What is the greatest common factor of 1539 and 1200819?
57
What is the greatest common divisor of 47412 and 552312?
108
Calculate the greatest common divisor of 910 and 156227890.
910
What is the highest common divisor of 80 and 1326392?
8
What is the greatest common divisor of 12320392 and 3020?
604
Calculate the highest common factor of 16118262 and 828.
414
What is the highest common factor of 3610 and 158090?
10
Calculate the greatest common divisor of 2823 and 12727966.
941
Calculate the highest common divisor of 9160984 and 8584.
232
Calculate the highest common factor of 42016 and 262522.
26
Calculate the highest common divisor of 28325 and 1354375.
275
Calculate the highest common divisor of 31474823 and 4475.
179
Calculate the highest common factor of 516637 and 4288.
67
What is the greatest common divisor of 6921434 and 4940?
494
Calculate the highest common factor of 125484 and 1164.
12
Calculate the greatest common factor of 201024 and 5107392.
576
What is the greatest common divisor of 21524 and 12144?
4
Calculate the highest common divisor of 25419696 and 24.
24
What is the greatest common factor of 2450796230 and 1970?
1970
What is the greatest common divisor of 347985 and 44935?
1045
What is the highest common divisor of 18117835 and 1075?
215
What is the highest common factor of 146378670 and 152490?
11730
What is the greatest common divisor of 24969 and 139573143?
3567
Calculate the greatest common factor of 1913043 and 825.
33
Calculate the highest common factor of 133445 and 519409.
2053
What is the highest common factor of 31677296 and 1932?
28
Calculate the highest common factor of 188 and 12205148.
188
What is the greatest common factor of 25120328 and 176?
8
What is the greatest common divisor of 1239436 and 37400?
748
What is the highest common divisor of 3940223 and 3157?
287
What is the highest common divisor of 2673 and 72809?
11
What is the highest common factor of 4374 and 32814?
18
What is the highest common divisor of 12402381 and 5556?
1389
Calculate the highest common factor of 1035 and 12581.
23
What is the highest common factor of 346290568 and 26?
26
What is the greatest common divisor of 1300 and 56140?
20
Calculate the greatest common divisor of 14544 and 10684184.
808
What is the highest common factor of 46494525 and 3984?
249
What is the highest common divisor of 25 and 73492345?
5
What is the greatest common divisor of 20677140 and 36?
36
What is the greatest common divisor of 1469 and 63948395?
113
What is the highest common divisor of 1740 and 1922940?
60
What is the highest common divisor of 236980 and 4340?
20
Calculate the highest common factor of 429355806 and 2508.
1254
Calculate the highest common factor of 9638 and 19193366.
158
Calculate the highest common factor of 6194 and 416632.
38
What is the greatest common factor of 441059130 and 630?
90
What is the greatest common divisor of 8222 and 72686?
2
What is the greatest common factor of 42 and 21174188?
14
Calculate the highest common factor of 194724 and 1923801.
1803
What is the highest common divisor of 24 and 449980872?
24
What is the greatest common factor of 116561 and 8473?
229
What is the greatest common divisor of 68359490 and 5135?
395
What is the highest common divisor of 2040 and 15656915?
85
What is the highest common divisor of 182 and 520072?
14
What is the greatest common divisor of 20740 and 1790?
10
Calculate the greatest common factor of 3676461 and 981.
327
Calculate the greatest common divisor of 332 and 74781838.
166
Calculate the highest common divisor of 30954 and 764148.
462
Calculate the greatest common divisor of 40377888 and 4256.
608
What is the highest common factor of 2295 and 22533840?
765
What is the greatest common factor of 750075 and 134075?
25
What is the highest common factor of 12 and 1783646208?
12
Calculate the greatest common divisor of 36 and 125228.
4
Calculate the greatest common divisor of 2545077 and 114.
3
What is the highest common factor of 25398028 and 334?
334
Calculate the greatest common factor of 255 and 2385690.
15
What is the highest common factor of 7866897 and 6?
3
What is the highest common factor of 44651813 and 503?
503
What is the highest common factor of 277574 and 7733?
407
What is the greatest common factor of 2642950 and 2150?
50
What is the greatest common divisor of 4536 and 136808?
56
What is the highest common factor of 6768 and 47862?
18
Calculate the highest common factor of 1801485 and 2730357.
1197
Calculate the highest common divisor of 2476020375 and 250.
125
Calculate the greatest common factor of 540311 and 10308.
859
Calculate the greatest common divisor of 32 and 132527732.
4
Calculate the highest common factor of 15897495 and 105.
15
What is the greatest common factor of 310882440 and 16920?
5640
Calculate the highest common divisor of 23189704 and 7544.
184
Calculate the highest common factor of 5356 and 64028.
4
What is the highest common divisor of 49800 and 10189800?
600
What is the greatest common divisor of 149833 and 249094?
269
Calculate the greatest common divisor of 20502 and 95642.
34
What is the greatest common factor of 2556868 and 248064?
1292
Calculate the greatest common divisor of 6316289 and 5397.
1799
Calculate the highest common factor of 335888400 and 100.
100
Calculate the highest common factor of 19552 and 4657888.
1504
What is the highest common divisor of 905049 and 6395148?
3987
Calculate the highest common factor of 72170 and 42742.
14
Calculate the greatest common factor of 2419448654 and 14.
14
What is the greatest common factor of 31978672 and 262?
262
Calculate the highest common divisor of 16101059 and 2353.
13
What is the greatest common factor of 504258 and 1649487?
687
What is the greatest common factor of 1895089 and 1164?
97
Calculate the highest common divisor of 372 and 286476.
12
What is the highest common divisor of 39110400 and 224?
224
Calculate the greatest common factor of 22253 and 5477417.
3179
Calculate the highest common factor of 462093387 and 84.
21
What is the highest common divisor of 71696 and 19704?
8
Calculate the highest common factor of 7901320 and 160.
40
What is the greatest common divisor of 172528 and 578428?
164
Calculate the highest common divisor of 14687950 and 57.
19
Calculate the highest common factor of 762 and 1033782.
6
Calculate the greatest common divisor of 116351 and 5.
1
Calculate the highest common factor of 81196 and 896124.
212
What is the greatest common factor of 38714445 and 7875?
315
What is the greatest common factor of 8406 and 11092184?
934
What is the